{"id":67,"date":"2023-01-17T14:53:35","date_gmt":"2023-01-17T14:53:35","guid":{"rendered":"https:\/\/vsjapons.ac.at\/?page_id=67"},"modified":"2023-09-11T12:00:45","modified_gmt":"2023-09-11T10:00:45","slug":"fruehbetreuung","status":"publish","type":"page","link":"https:\/\/vsjapons.ac.at\/?page_id=67","title":{"rendered":"Fr\u00fchbetreuung"},"content":{"rendered":"\n<p>In der Zeit von 6:45 Uhr &#8211; 7:55 Uhr wird an unserer Schule eine Fr\u00fchbetreuung angeboten.<\/p>\n\n\n\n<p>F\u00fcr jene Kinder, die in der schulischen Nachmittagsbetreuung angemeldet sind, ist die Fr\u00fchbetreuung kostenlos. <\/p>\n\n\n\n<p>F\u00fcr Kinder, die nur die schulische Fr\u00fchbetreuung in Anspruch nehmen, wird ein Betreuungsbeitrag von \u20ac 30,- pro Monat (=Pauschalbetrag) verrechnet. (g\u00fcltig im Schuljahr 2023\/24)<\/p>\n\n\n\n<div class=\"wp-block-buttons is-content-justification-right is-layout-flex wp-container-core-buttons-is-layout-d445cf74 wp-block-buttons-is-layout-flex\">\n<div class=\"wp-block-button\"><a class=\"wp-block-button__link wp-element-button\" href=\"https:\/\/vsjapons.ac.at\/?page_id=46\">zur\u00fcck<\/a><\/div>\n<\/div>\n<div class=\"likebtn_container\" style=\"\"><!-- LikeBtn.com BEGIN --><span class=\"likebtn-wrapper\"  data-identifier=\"page_67\"  data-site_id=\"6500703d943ec9971d6c2d4a\"  data-lang=\"de\"  data-style=\"\"  data-unlike_allowed=\"\"  data-show_copyright=\"\"  data-item_url=\"https:\/\/vsjapons.ac.at\/?page_id=67\"  data-item_title=\"Fr\u00fchbetreuung\"  data-item_date=\"2023-01-17T14:53:35+01:00\"  data-engine=\"WordPress\"  data-plugin_v=\"2.6.59\"  data-prx=\"https:\/\/vsjapons.ac.at\/wp-admin\/admin-ajax.php?action=likebtn_prx\"  data-event_handler=\"likebtn_eh\" ><\/span><!-- LikeBtn.com END --><\/div>","protected":false},"excerpt":{"rendered":"<p>In der Zeit von 6:45 Uhr &#8211; 7:55 Uhr wird an unserer Schule eine Fr\u00fchbetreuung angeboten. F\u00fcr jene Kinder, die in der schulischen Nachmittagsbetreuung angemeldet sind, ist die Fr\u00fchbetreuung kostenlos. F\u00fcr Kinder, die nur die schulische Fr\u00fchbetreuung in Anspruch nehmen, wird ein Betreuungsbeitrag von \u20ac 30,- pro Monat (=Pauschalbetrag) verrechnet. (g\u00fcltig im Schuljahr 2023\/24)<\/p>\n<div class=\"likebtn_container\" style=\"\"><!-- LikeBtn.com BEGIN --><span class=\"likebtn-wrapper\"  data-identifier=\"page_67\"  data-site_id=\"6500703d943ec9971d6c2d4a\"  data-lang=\"de\"  data-style=\"\"  data-unlike_allowed=\"\"  data-show_copyright=\"\"  data-item_url=\"https:\/\/vsjapons.ac.at\/?page_id=67\"  data-item_title=\"Fr\u00fchbetreuung\"  data-item_date=\"2023-01-17T14:53:35+01:00\"  data-engine=\"WordPress\"  data-plugin_v=\"2.6.59\"  data-prx=\"https:\/\/vsjapons.ac.at\/wp-admin\/admin-ajax.php?action=likebtn_prx\"  data-event_handler=\"likebtn_eh\" ><\/span><!-- LikeBtn.com END --><\/div>","protected":false},"author":2,"featured_media":0,"parent":0,"menu_order":0,"comment_status":"closed","ping_status":"closed","template":"","meta":{"_uf_show_specific_survey":0,"_uf_disable_surveys":false,"cybocfi_hide_featured_image":"","two_page_speed":[],"footnotes":""},"class_list":["post-67","page","type-page","status-publish","hentry"],"_links":{"self":[{"href":"https:\/\/vsjapons.ac.at\/index.php?rest_route=\/wp\/v2\/pages\/67","targetHints":{"allow":["GET"]}}],"collection":[{"href":"https:\/\/vsjapons.ac.at\/index.php?rest_route=\/wp\/v2\/pages"}],"about":[{"href":"https:\/\/vsjapons.ac.at\/index.php?rest_route=\/wp\/v2\/types\/page"}],"author":[{"embeddable":true,"href":"https:\/\/vsjapons.ac.at\/index.php?rest_route=\/wp\/v2\/users\/2"}],"replies":[{"embeddable":true,"href":"https:\/\/vsjapons.ac.at\/index.php?rest_route=%2Fwp%2Fv2%2Fcomments&post=67"}],"version-history":[{"count":4,"href":"https:\/\/vsjapons.ac.at\/index.php?rest_route=\/wp\/v2\/pages\/67\/revisions"}],"predecessor-version":[{"id":1006,"href":"https:\/\/vsjapons.ac.at\/index.php?rest_route=\/wp\/v2\/pages\/67\/revisions\/1006"}],"wp:attachment":[{"href":"https:\/\/vsjapons.ac.at\/index.php?rest_route=%2Fwp%2Fv2%2Fmedia&parent=67"}],"curies":[{"name":"wp","href":"https:\/\/api.w.org\/{rel}","templated":true}]}}